{"id":1852,"date":"2026-02-10T18:20:39","date_gmt":"2026-02-10T18:20:39","guid":{"rendered":"https:\/\/ablaser.pl\/?post_type=product&#038;p=1852"},"modified":"2026-02-10T18:27:12","modified_gmt":"2026-02-10T18:27:12","slug":"kotwa-montazowa-gwint-wewnetrzny-inox-304-a2-m20-m10-l150","status":"publish","type":"product","link":"https:\/\/ablaser.pl\/index.php\/produkt\/kotwa-montazowa-gwint-wewnetrzny-inox-304-a2-m20-m10-l150\/","title":{"rendered":"Kotwa monta\u017cowa gwint wewn\u0119trzny INOX 304 A2 M20\/M10 L150"},"content":{"rendered":"<p>Kotwa monta\u017cowa z gwintem wewn\u0119trznym INOX 304 A2 do mocowa\u0144 chemicznych, zapewniaj\u0105ca trwa\u0142e i estetyczne po\u0142\u0105czenia w betonie i innych pod\u0142o\u017cach.<\/p>\n","protected":false},"excerpt":{"rendered":"<p>Produkowana w naszej firmie kotwa z gwintem wewn\u0119trznym do monta\u017cu chemicznego to specjalistyczny element mocuj\u0105cy przeznaczony do wykonywania trwa\u0142ych i bezpiecznych zamocowa\u0144 m.in w betonie, cegle pe\u0142nej, cegle dr\u0105\u017conej oraz innych pod\u0142o\u017cach konstrukcyjnych. Produkt przeznaczony jest do kotwienia przy u\u017cyciu zaprawy chemicznej, co pozwala na przenoszenie wysokich obci\u0105\u017ce\u0144 bez powodowania napr\u0119\u017ce\u0144 rozporowych w materiale bazowym.<br \/>Zastosowanie wewn\u0119trznego gwintu umo\u017cliwia szybki monta\u017c element\u00f3w za pomoc\u0105 \u015brub metrycznych lub pr\u0119ta gwintowanego, a tak\u017ce ich \u0142atwy demonta\u017c i ponowny monta\u017c. Takie rozwi\u0105zanie jest szczeg\u00f3lnie cenione przy monta\u017cu balustrad szklanych z profilem samono\u015bnym, daszk\u00f3w szklanych jak r\u00f3wnie\u017c w instalacjach technicznych oraz wsz\u0119dzie tam, gdzie wymagana jest precyzja i estetyka po\u0142\u0105czenia.<br \/>Kotwy wykonane s\u0105 z wysokiej jako\u015bci stali nierdzewnej INOX 304 A2, co gwarantuje odporno\u015b\u0107 na obci\u0105\u017cenia mechaniczne, atmosferyczne oraz d\u0142ug\u0105 \u017cywotno\u015b\u0107 po\u0142\u0105czenia. Kotwa z gwintem wewn\u0119trznym stanowi niezawodne rozwi\u0105zanie zar\u00f3wno w zastosowaniach indywidualnych, jak i przemys\u0142owych.<br \/>Produkt nie jest przeznaczony do stosowania w elementach konstrukcyjnych budynku ani do przenoszenia obci\u0105\u017ce\u0144 konstrukcyjnych.<\/p>\n<p><strong>Wymiary:<\/strong><br \/>D\u0142ugo\u015b\u0107 ca\u0142kowita 150mm (tolerancja +\/-1,5mm)<br \/>Gwint zewn\u0119trzny M20<br \/>Gwint wewn\u0119trzny M1O<br \/>D\u0142ugo\u015b\u0107 gwintu wewn\u0119trznego min. 28mm<\/p>\n","protected":false},"featured_media":1853,"comment_status":"open","ping_status":"closed","template":"","meta":[],"product_brand":[],"product_cat":[121],"product_tag":[],"class_list":{"0":"post-1852","1":"product","2":"type-product","3":"status-publish","4":"has-post-thumbnail","6":"product_cat-kotwy-montazowe-z-gwintem-wewnetrznym-inox-m20-m10","8":"first","9":"instock","10":"taxable","11":"shipping-taxable","12":"purchasable","13":"product-type-simple"},"_links":{"self":[{"href":"https:\/\/ablaser.pl\/index.php\/wp-json\/wp\/v2\/product\/1852","targetHints":{"allow":["GET"]}}],"collection":[{"href":"https:\/\/ablaser.pl\/index.php\/wp-json\/wp\/v2\/product"}],"about":[{"href":"https:\/\/ablaser.pl\/index.php\/wp-json\/wp\/v2\/types\/product"}],"replies":[{"embeddable":true,"href":"https:\/\/ablaser.pl\/index.php\/wp-json\/wp\/v2\/comments?post=1852"}],"wp:featuredmedia":[{"embeddable":true,"href":"https:\/\/ablaser.pl\/index.php\/wp-json\/wp\/v2\/media\/1853"}],"wp:attachment":[{"href":"https:\/\/ablaser.pl\/index.php\/wp-json\/wp\/v2\/media?parent=1852"}],"wp:term":[{"taxonomy":"product_brand","embeddable":true,"href":"https:\/\/ablaser.pl\/index.php\/wp-json\/wp\/v2\/product_brand?post=1852"},{"taxonomy":"product_cat","embeddable":true,"href":"https:\/\/ablaser.pl\/index.php\/wp-json\/wp\/v2\/product_cat?post=1852"},{"taxonomy":"product_tag","embeddable":true,"href":"https:\/\/ablaser.pl\/index.php\/wp-json\/wp\/v2\/product_tag?post=1852"}],"curies":[{"name":"wp","href":"https:\/\/api.w.org\/{rel}","templated":true}]}}